{"id":1205,"date":"2025-12-30T16:37:51","date_gmt":"2025-12-30T15:37:51","guid":{"rendered":"https:\/\/samemerveille77.com\/?page_id=1205"},"modified":"2025-12-30T16:58:27","modified_gmt":"2025-12-30T15:58:27","slug":"location-retroprojecteur","status":"publish","type":"page","link":"https:\/\/samemerveille77.com\/index.php\/location-retroprojecteur\/","title":{"rendered":"Location R\u00e9troprojecteur"},"content":{"rendered":"\n<p>Bonjour, <\/p>\n\n\n\n<p>Je vous propose en location ce r\u00e9troprojecteur. <\/p>\n\n\n\n<p>Le XGIMI MoGo 3 Pro : Un Cin\u00e9ma Portable \u00e0 la Pointe de la Technologie<\/p>\n\n\n\n<p>Vid\u00e9oprojecteur portable XGIMI MoGo 3 Pro + supportQualit\u00e9 d&rsquo;Image et Son Immersifs<br>Le XGIMI MoGo 3 Pro se distingue par sa capacit\u00e9 \u00e0 offrir une exp\u00e9rience cin\u00e9matographique professionnelle o\u00f9 que vous soyez. <\/p>\n\n\n\n<p>Avec une r\u00e9solution standard de 1920 \u00d7 1080 pixels et une luminosit\u00e9 de 450 ISO Lumens, ce vid\u00e9oprojecteur portable garantit des images nettes et lumineuses, m\u00eame dans des environnements peu \u00e9clair\u00e9s gr\u00e2ce \u00e0 son mode Ambient Light. <\/p>\n\n\n\n<p>Les haut-parleurs Harman Kardon int\u00e9gr\u00e9s, appuy\u00e9s par les technologies Dolby Audio et Dolby Digital, promettent une qualit\u00e9 sonore digne des grandes salles de cin\u00e9ma. <\/p>\n\n\n\n<p>La technologie ISA 2.0 assure une correction automatique du Keystone et une mise au point intelligente pour une installation rapide et sans tracas.<\/p>\n\n\n\n<p>Vid\u00e9oprojecteur portable XGIMI MoGo 3 Pro + supportConception Intuitive et Connectivit\u00e9 Avanc\u00e9e<br>Compact et l\u00e9ger comme une tasse de caf\u00e9, le XGIMI MoGo 3 Pro est con\u00e7u pour \u00eatre transport\u00e9 ais\u00e9ment. <\/p>\n\n\n\n<p>Il int\u00e8gre Google TV avec acc\u00e8s autoris\u00e9 \u00e0 Netflix, offrant un large \u00e9ventail de divertissements \u00e0 port\u00e9e de main. <\/p>\n\n\n\n<p>La connectivit\u00e9 est \u00e9galement au rendez-vous avec le WiFi Dual-band, Bluetooth 5.1, et divers ports tels que USB type-C et Micro HDMI. <\/p>\n\n\n\n<p>La facilit\u00e9 d&rsquo;utilisation est renforc\u00e9e par un support ajustable int\u00e9gr\u00e9, permettant de projeter sur n&rsquo;importe quelle surface jusqu&rsquo;\u00e0 un angle de 130\u00b0. <\/p>\n\n\n\n<p>Avec une dur\u00e9e de vie de la lampe estim\u00e9e \u00e0 25 000 heures, le MoGo 3 Pro est un investissement durable pour des s\u00e9ances de cin\u00e9ma inoubliables, des pr\u00e9sentations professionnelles \u00e9clatantes ou des nuits \u00e9toil\u00e9es sous la couette.<\/p>\n\n\n\n<p>\ud83d\udcb8 R\u00e9troprojecteur (Caution 600\u20ac)<\/p>\n\n\n\n<p>40\u20ac\/24h<\/p>\n\n\n\n<p>60\u20ac\/48h<\/p>\n\n\n\n<p>100\u20ac\/7j<\/p>\n\n\n\n<p>\u2757Obligatoire<\/p>\n\n\n\n<p>\u2013 R\u00e8glement esp\u00e8ce<\/p>\n\n\n\n<p>\u2013 Caution<\/p>\n\n\n\n<p>\u2013 Photo pi\u00e8ce d\u2019identit\u00e9<\/p>\n\n\n\n<p>\ud83d\ude9a \u00c0 r\u00e9cup\u00e9rer sur Pontault-Combault.<\/p>\n\n\n\n<p>Ou Livraison (prix \u00e0 d\u00e9finir).<\/p>\n\n\n\n<p>Me contacter pour toute autre information.<\/p>\n\n\n\n<div class=\"wp-block-responsive-lightbox-gallery\"><div class=\"rl-gallery-container rl-loading\" id=\"rl-gallery-container-1\" data-gallery_id=\"1225\"> <div class=\"rl-gallery rl-basicmasonry-gallery \" id=\"rl-gallery-1\" data-gallery_no=\"1\"> <div class=\"rl-gutter-sizer\"><\/div><div class=\"rl-grid-sizer\"><\/div> <div class=\"rl-gallery-item rl-gallery-item-width-4\" > <div class=\"rl-gallery-item-content\"> <a href=\"https:\/\/i0.wp.com\/samemerveille77.com\/wp-content\/uploads\/2025\/12\/IMG-20251230-WA0032-1.jpg?fit=1016%2C1016&amp;ssl=1\" title=\"\" data-rl_title=\"\" class=\"rl-gallery-link\" data-rl_caption=\"\" data-rel=\"lightbox-gallery-1\"><img loading=\"lazy\" decoding=\"async\" src=\"https:\/\/i0.wp.com\/samemerveille77.com\/wp-content\/uploads\/2025\/12\/IMG-20251230-WA0032-1.jpg?fit=300%2C300&#038;ssl=1\" width=\"300\" height=\"300\" alt=\"\" \/><\/a> <\/div> <\/div> <div class=\"rl-gallery-item\" > <div class=\"rl-gallery-item-content\"> <a href=\"https:\/\/i0.wp.com\/samemerveille77.com\/wp-content\/uploads\/2025\/12\/IMG-20251230-WA0031-1.jpg?fit=1016%2C1016&amp;ssl=1\" title=\"\" data-rl_title=\"\" class=\"rl-gallery-link\" data-rl_caption=\"\" data-rel=\"lightbox-gallery-1\"><img loading=\"lazy\" decoding=\"async\" src=\"https:\/\/i0.wp.com\/samemerveille77.com\/wp-content\/uploads\/2025\/12\/IMG-20251230-WA0031-1.jpg?fit=300%2C300&#038;ssl=1\" width=\"300\" height=\"300\" alt=\"\" \/><\/a> <\/div> <\/div> <div class=\"rl-gallery-item\" > <div class=\"rl-gallery-item-content\"> <a href=\"https:\/\/i0.wp.com\/samemerveille77.com\/wp-content\/uploads\/2025\/12\/IMG-20251230-WA0029-1.jpg?fit=1016%2C1016&amp;ssl=1\" title=\"\" data-rl_title=\"\" class=\"rl-gallery-link\" data-rl_caption=\"\" data-rel=\"lightbox-gallery-1\"><img loading=\"lazy\" decoding=\"async\" src=\"https:\/\/i0.wp.com\/samemerveille77.com\/wp-content\/uploads\/2025\/12\/IMG-20251230-WA0029-1.jpg?fit=300%2C300&#038;ssl=1\" width=\"300\" height=\"300\" alt=\"\" \/><\/a> <\/div> <\/div> <div class=\"rl-gallery-item\" > <div class=\"rl-gallery-item-content\"> <a href=\"https:\/\/i0.wp.com\/samemerveille77.com\/wp-content\/uploads\/2025\/12\/IMG-20251230-WA0028-1.jpg?fit=1016%2C1016&amp;ssl=1\" title=\"\" data-rl_title=\"\" class=\"rl-gallery-link\" data-rl_caption=\"\" data-rel=\"lightbox-gallery-1\"><img loading=\"lazy\" decoding=\"async\" src=\"https:\/\/i0.wp.com\/samemerveille77.com\/wp-content\/uploads\/2025\/12\/IMG-20251230-WA0028-1.jpg?fit=300%2C300&#038;ssl=1\" width=\"300\" height=\"300\" alt=\"\" \/><\/a> <\/div> <\/div> <div class=\"rl-gallery-item\" > <div class=\"rl-gallery-item-content\"> <a href=\"https:\/\/i0.wp.com\/samemerveille77.com\/wp-content\/uploads\/2025\/12\/IMG-20251230-WA0030-1.jpg?fit=1016%2C1016&amp;ssl=1\" title=\"\" data-rl_title=\"\" class=\"rl-gallery-link\" data-rl_caption=\"\" data-rel=\"lightbox-gallery-1\"><img loading=\"lazy\" decoding=\"async\" src=\"https:\/\/i0.wp.com\/samemerveille77.com\/wp-content\/uploads\/2025\/12\/IMG-20251230-WA0030-1.jpg?fit=300%2C300&#038;ssl=1\" width=\"300\" height=\"300\" alt=\"\" \/><\/a> <\/div> <\/div> <div class=\"rl-gallery-item\" > <div class=\"rl-gallery-item-content\"> <a href=\"https:\/\/i0.wp.com\/samemerveille77.com\/wp-content\/uploads\/2025\/12\/IMG-20251230-WA0027-2.jpg?fit=1016%2C1016&amp;ssl=1\" title=\"\" data-rl_title=\"\" class=\"rl-gallery-link\" data-rl_caption=\"\" data-rel=\"lightbox-gallery-1\"><img loading=\"lazy\" decoding=\"async\" src=\"https:\/\/i0.wp.com\/samemerveille77.com\/wp-content\/uploads\/2025\/12\/IMG-20251230-WA0027-2.jpg?fit=300%2C300&#038;ssl=1\" width=\"300\" height=\"300\" alt=\"\" \/><\/a> <\/div> <\/div> <\/div> <\/div><\/div>\n\n\n\n<p><\/p>\n","protected":false},"excerpt":{"rendered":"<p>Bonjour, Je vous propose en location ce r\u00e9troprojecteur. Le XGIMI MoGo 3 Pro : Un Cin\u00e9ma Portable \u00e0 la Pointe de la Technologie Vid\u00e9oprojecteur portable XGIMI MoGo 3 Pro + supportQualit\u00e9 d&rsquo;Image et Son ImmersifsLe XGIMI MoGo 3 Pro se distingue par sa capacit\u00e9 \u00e0 offrir une exp\u00e9rience cin\u00e9matographique professionnelle o\u00f9 que vous soyez. Avec&#8230;<\/p>\n","protected":false},"author":1,"featured_media":0,"parent":0,"menu_order":0,"comment_status":"closed","ping_status":"closed","template":"","meta":{"sfsi_plus_gutenberg_text_before_share":"","sfsi_plus_gutenberg_show_text_before_share":"","sfsi_plus_gutenberg_icon_type":"","sfsi_plus_gutenberg_icon_alignemt":"","sfsi_plus_gutenburg_max_per_row":"","ngg_post_thumbnail":0,"_kad_post_transparent":"","_kad_post_title":"","_kad_post_layout":"","_kad_post_sidebar_id":"","_kad_post_content_style":"","_kad_post_vertical_padding":"","_kad_post_feature":"","_kad_post_feature_position":"","_kad_post_header":false,"_kad_post_footer":false,"_kad_post_classname":"","footnotes":""},"class_list":["post-1205","page","type-page","status-publish","hentry"],"aioseo_notices":[],"jetpack_sharing_enabled":true,"_links":{"self":[{"href":"https:\/\/samemerveille77.com\/index.php\/wp-json\/wp\/v2\/pages\/1205","targetHints":{"allow":["GET"]}}],"collection":[{"href":"https:\/\/samemerveille77.com\/index.php\/wp-json\/wp\/v2\/pages"}],"about":[{"href":"https:\/\/samemerveille77.com\/index.php\/wp-json\/wp\/v2\/types\/page"}],"author":[{"embeddable":true,"href":"https:\/\/samemerveille77.com\/index.php\/wp-json\/wp\/v2\/users\/1"}],"replies":[{"embeddable":true,"href":"https:\/\/samemerveille77.com\/index.php\/wp-json\/wp\/v2\/comments?post=1205"}],"version-history":[{"count":6,"href":"https:\/\/samemerveille77.com\/index.php\/wp-json\/wp\/v2\/pages\/1205\/revisions"}],"predecessor-version":[{"id":1230,"href":"https:\/\/samemerveille77.com\/index.php\/wp-json\/wp\/v2\/pages\/1205\/revisions\/1230"}],"wp:attachment":[{"href":"https:\/\/samemerveille77.com\/index.php\/wp-json\/wp\/v2\/media?parent=1205"}],"curies":[{"name":"wp","href":"https:\/\/api.w.org\/{rel}","templated":true}]}}